*t - 5*l. What is the greatest common factor of 140 and t?
28
Let k = 35 - 28. Calculate the greatest common factor of 56 and k.
7
Let k be 1/(82/(-27) - -3). Let o = 75 + k. What is the greatest common factor of o and 12?
12
Let o be (-112)/(-63) + (-2)/(-9). Suppose -2*j = -2*v + j + 7, v = 5*j - 7. Calculate the highest common factor of o and v.
2
Let a(b) = 9*b + 4. Let q be a(1). Calculate the highest common factor of q and 13.
13
Let m(x) = -x - 7*x - 3*x. Let f be m(2). Let v = 38 + f. Calculate the highest common divisor of 8 and v.
8
Let z = 147 + -93. What is the highest common divisor of 2 and z?
2
Let o = -154 - -208. Calculate the greatest common divisor of 432 and o.
54
Let n(i) = -i**2 + 10*i - 7. Let o be n(9). Suppose o*y = 7*y - 315. What is the greatest common divisor of 9 and y?
9
Let n be (-10)/15*(-9)/(-6)*-9. What is the greatest common divisor of 27 and n?
9
Let p be (2/1)/((-24)/(-36)). Suppose p*a - 3*v = 96, a - 6*v + 3*v = 30. What is the greatest common factor of a and 11?
11
Let z = -12 + 16. What is the highest common factor of z and 2?
2
Let u(r) = r**3 - 8*r**2 + 11*r - 6. Let q be u(7). What is the highest common divisor of q and 242?
22
Suppose -n = 2*a - 20, -5*n = 2*a - 4*a + 32. Let o(u) = 3*u + 34. Let i be o(-11). Calculate the highest common divisor of i and a.
1
Suppose 2 - 4 = -2*u. Let l be 2/(-1)*1 + 12. Let x be (-38)/(-9) + l/(-45). What is the highest common factor of x and u?
1
Let q = -1 - -3. Calculate the greatest common factor of 3 and q.
1
Let n be 2106/15 + (-16)/40. What is the highest common factor of 14 and n?
14
Let n(v) = 2*v**3 - v**2. Let q be n(2). Let g = q - 11. What is the greatest common divisor of g and 3?
1
Let b = -38 - -59. Let g be (-6)/b - (-348)/42. What is the greatest common divisor of 56 and g?
8
Let i be (2 + -34)/2*-2. Suppose 11 = 5*h - 14. Suppose i = -n + h*n. Calculate the greatest common factor of 40 and n.
8
Let b(w) = w**3 + 14*w**2 + 16. Let x be b(-14). What is the highest common divisor of 8 and x?
8
Let i be 0 + -2 + (-20)/(-5). Let l be (-22)/(-10) + i/(-10). Let g be l/(-4)*(-9 - 15). Calculate the greatest common factor of g and 108.
12
Suppose 6 = 3*f - f. Suppose -f*c - 2*q + 0 = -22, q + 7 = 3*c. Calculate the highest common divisor of 32 and c.
4
Let m(w) = 4*w + 4*w**2 + 4 - 4 + 2 - 2*w**2. Let t be m(-4). What is the highest common factor of 12 and t?
6
Let q be ((-126)/35)/((-4)/10). Let x(v) = v**2 - 6*v - 12. Let w be x(q). Calculate the greatest common factor of w and 75.
15
Let z = 8 - 6. Suppose 0 = k + 2*g + 3*g - 27, -2*g + 20 = 5*k. Suppose 2*t + 2 = -z*r + 16, k*t = 0. What is the greatest common divisor of r and 49?
7
Suppose -1413 = -3*t - 2*u + 5*u, -u = t - 477. Suppose 96 = 3*v + 4*k - 253, t = 4*v + k. What is the highest common factor of v and 17?
17
Let n(i) = 10*i - 5. Let q be n(7). Suppose 39 = 2*k - 41. Suppose -3*s + r = -k, 0*r + 64 = 5*s + r. Calculate the greatest common factor of q and s.
13
Let r = -3 + 5. What is the greatest common divisor of r and 5?
1
Suppose -5*a = -14 - 1. Suppose -a*h + 53 = 11. What is the highest common factor of h and 56?
14
Let p = 11 - 10. Let m = 3 + p. What is the greatest common divisor of m and 16?
4
Let p = -4 + 6. Suppose -2*s + 128 = p*s. Let k = -25 + 41. Calculate the greatest common divisor of k and s.
16
Let w = -20 - -38. Calculate the greatest common factor of 45 and w.
9
Suppose 3*c = 3*d + 15, 0 = 4*c - 2*c + 4*d + 14. Let z be 19 - (3 - 2) - c. Let y = z + -10. What is the greatest common factor of y and 77?
7
Let d = 20 + -28. Let g be (-58)/(-8) - 6/d. Calculate the highest common factor of 1 and g.
1
Let q = -24 - -36. Suppose -121*g + 40 = -116*g. Calculate the greatest common factor of q and g.
4
Suppose 0*g + 232 = 4*g. Let h = -36 + g. Calculate the greatest common divisor of 2 and h.
2
Suppose 4*b - 3*b = 21. Let v be -1*(-14)/(-4)*-2. What is the greatest common factor of v and b?
7
Let z(c) = 2 + c**3 + 13*c + 0*c**3 - 6*c**2 - 9*c. Let x be z(6). What is the highest common divisor of 286 and x?
26
Let k(v) = -v**3 - 2*v**2 + 6*v + 1. Let z be k(-5). Suppose -z = -5*c - 1. Let i be 1/(-3) - 218/(-6). Calculate the highest common divisor of i and c.
9
Suppose 5*w = -4*l + 42, -4*l = 4*w - 29 - 7. Let m = 3 + w. What is the greatest common factor of m and 27?
9
Let t(a) = -a**3 + 5*a**2 + 7*a - 3. Let v be t(6). Calculate the highest common factor of 2 and v.
1
Suppose 8*a - 106 = 470. Calculate the greatest common factor of a and 9.
9
Let f = -1 + 5. Let p be 2 - (-4 + 2 + 1). Let n(x) = x + 1. Let c be n(p). Calculate the greatest common factor of c and f.
4
Suppose -334 + 121 = -2*m + 3*l, -3*m - 5*l + 272 = 0. What is the greatest common divisor of m and 9?
9
Suppose 5*u = -1 + 26, 0 = -2*i - 5*u + 133. Let v(o) = -o**3 + 7*o**2 + 10*o - 10. Let d be v(8). What is the highest common divisor of d and i?
6
Let a be 68/170 - 78/(-5). What is the highest common factor of a and 1?
1
Suppose -1 = 4*z - 13. Suppose -r + 5 = -5*g, -2*r - 25 = z*g - 7*r. Suppose 4*b + 151 - 547 = g. What is the greatest common divisor of 9 and b?
9
Let g = 29 - 23. Calculate the greatest common divisor of g and 15.
3
Let m = -14 + 21. Suppose -d = -3*a - 0*a + 144, 2*d = 2*a - 92. What is the highest common factor of a and m?
7
Let g = 16 - 5. Let r = 12 + -8. Suppose 4 = -a + 2*v - 1, r*a = -3*v + 13. Calculate the greatest common factor of g and a.
1
Suppose -4*k - a - 75 = -5*k, -2*k = -a - 152. Let l be 2*1/4*14. What is the greatest common factor of l and k?
7
Let b(r) = -2*r - 1. Let w = 0 - 5. Let c be b(w). Let p be -9*1*(-2)/2. What is the highest common factor of c and p?
9
Let p(n) = -7*n**2 + 17*n + 2. Let o(l) = 8*l**2 - 18*l - 3. Let q(i) = -6*o(i) - 7*p(i). Let f be q(11). Calculate the greatest common divisor of 28 and f.
4
Suppose q = -3*q + 176. Calculate the highest common factor of q and 396.
44
Suppose -4*h - 5*f - 3 = 0, h - 3*f = 4*h. Let w be (-2)/h - (-300)/18. Suppose 26 - 2 = s. Calculate the highest common divisor of s and w.
8
Let c = 100 - 89. Calculate the highest common factor of c and 33.
11
Let m be (-834)/(-21) + 6/21. Suppose -3*z + 22 = 2*c, 0*c + 5*c = 10. Let y be (48/20)/(z/20). Calculate the highest common divisor of y and m.
8
Suppose -2*s - 2 = 2*q - 3*s, 3*q + 10 = 5*s. Suppose q = 2*n - 6*n + 48. Calculate the highest common divisor of n and 132.
12
Suppose 0 = s - 6 + 4. Let a be 28*s*18/21. Suppose -90 = -5*j - 3*c + a, -3*j = 5*c - 70. Calculate the highest common factor of j and 12.
6
Let b = 2 - 5. Let f be (-3)/(0 - b) - 1. Let x(w) = -w + 1. Let o be x(f). What is the greatest common divisor of o and 6?
3
Suppose 0 = 4*a + 3*o - 132, 0 = -5*a - 3*o - 2*o + 165. Calculate the highest common factor of 11 and a.
11
Suppose 16 + 4 = 2*h. What is the highest common factor of h and 30?
10
Suppose 3*w = 8*w - 90. Suppose -3*v = -5*v - 4. Let l be ((-54)/(-15))/(v/(-5)). Calculate the greatest common divisor of l and w.
9
Suppose -3*f - 4*y = -9*y + 4, 0 = 4*f + y - 10. Calculate the highest common factor of f and 18.
2
Suppose -r + 5*s + 356 = 3*r, 0 = r + s - 80. What is the greatest common divisor of 4 and r?
4
Suppose 2*i - 12 = -m - m, 3*m - 30 = -5*i. Let o = i + -2. What is the highest common divisor of o and 4?
4
Let o(l) = l**3 + 8*l**2 - 9*l + 3. Let t be o(-9). Calculate the greatest common factor of 9 and t.
3
Let r(v) = 15*v**3 + 2*v**2 - v. Let d be r(1). Let g be 21/4 + (-1)/4. Suppose -5 - 235 = -g*p. What is the highest common divisor of d and p?
16
Suppose 2*o + 4*b = 24, o - b = b - 4. Let w be ((-8)/4)/(o/(-18)). Let k = w - -56. What is the greatest common factor of 26 and k?
13
Suppose 7*q - 12*q + 350 = 0. Let a(r) = r**3 - 4*r**2 - 2*r - 1. Let f be a(5). Calculate the greatest common factor of f and q.
14
Let n(c) = 57*c - 1. Let x be n(-1). Let o be 144/(-10) - 4/(-10). Let s = o - x. Calculate the greatest common divisor of s and 11.
11
Let o be 2/8 + (-358)/(-8). Let w be o*(2 + (-6)/9). Suppose y = 2*m - 0*y - 24, -5*y = -2*m + 24. Calculate the highest common divisor of m and w.
12
Let r = 13 + -9. Suppose -5*x = -25, -u = -5*u - r*x + 28. What is the greatest common divisor of u and 5?
1
Suppose 4*v - 5*c + 4*